at is the tens digit of ((-5350)/(-125))/((-4)/(-10))?
0
Suppose 0 = l + 7. Let f = 3 - l. Let k = f - 4. What is the units digit of k?
6
Suppose -b = 4*z + 27, -2*b - 36 = 4*z + 2*b. What is the units digit of (-1725)/(-5)*(-2)/z?
5
Suppose -k = -0*k - 6. Let l = 501 - 341. Suppose k*w = w + l. What is the units digit of w?
2
Let b(l) = -l**2 - 2*l + 12. Let s be b(5). Let x = s + 147. Suppose 4*w + 3*t = x, 2*w - 3*t - 49 = 31. What is the tens digit of w?
3
Let n = -64 + 46. Let o be -1 + (3 - (n + 0)). Suppose o = -5*t, -r + 2*t + 83 = 4*r. What is the units digit of r?
5
Let f(u) = -3 - u - 1 - 7*u + 10*u. Let i be f(5). What is the units digit of i*7/(42/20)?
0
What is the units digit of 845*(-4)/60*-9?
7
Let b(v) = 3*v**2 + 23*v - 44*v - 6 + 6*v + v**3. What is the units digit of b(5)?
9
Suppose 5*i + 29 = -3*t - 0*i, 5*t + 73 = 4*i. Let n(j) = -2*j - 23. Let g be n(t). Suppose 5*d - 4*k = 92, 1 + 8 = -g*k. What is the units digit of d?
6
Let q(a) = a**3 + 9*a**2 - 16*a - 12. Let r = 13 - 23. What is the tens digit of q(r)?
4
Suppose -5*c + 10 = -0*c. Suppose -3*b = -y - 25, c*b = -5*y - b - 197. Let z = y + 69. What is the units digit of z?
2
Suppose 40443 = 23*r + 16*r. What is the tens digit of r?
3
Let l = 139 + 1377. What is the tens digit of l?
1
Suppose 7*b - 4*b - 300 = 0. Let j = b + -37. What is the tens digit of j?
6
Let t(j) = -5*j - 1. Let u be t(-3). Suppose -16*y + u*y + 162 = 0. What is the tens digit of y?
8
Suppose -71*f = -151*f + 117440. What is the thousands digit of f?
1
Suppose -c + 1459 + 1368 = 5*i, -2819 = -5*i + 3*c. What is the units digit of i?
5
Let d = -55 - -85. Let v = d - 27. What is the units digit of v?
3
Let d = 96 + -21. Suppose 0 = -4*r - r + d. What is the tens digit of 4/6*r/1?
1
Let p(t) = 11*t + 589. What is the units digit of p(-46)?
3
Suppose -5*m + l = 2, 3*m + 3*l = 8*l + 12. Let p(y) = -y**3 - y**2 - y - 1. Let q be p(m). Suppose 3*t - 48 = -q*t. What is the units digit of t?
6
Let l be 1/((3 + -4)/(-1)). Suppose -l = 3*g - 10. What is the units digit of g?
3
Let x(m) be the first derivative of m**2/2 + 6*m + 3. Suppose -7*p + 2*p = -25. What is the tens digit of x(p)?
1
Suppose -15 + 21 = -6*g. What is the units digit of (g/(-2))/((-8)/(-1200))?
5
Let q be 1/(-1) - 30/((-10)/2). Suppose q*y + 477 = 4*x, -6*x + x + y + 570 = 0. What is the tens digit of x?
1
What is the hundreds digit of 1/((-5)/(-870))*16?
7
Let z(j) = -j**2 + 11*j + 1. Let u be z(12). Let f = -8 - u. Suppose 5*n = -2*i + 5*i - 77, 0 = -f*i + n + 61. What is the tens digit of i?
1
Let h(y) = -y**2 - 48*y + 9. What is the units digit of h(-41)?
6
Let u = -58 + 67. Suppose u*b = 12*b - 495. What is the hundreds digit of b?
1
Suppose 7*j = 7048 + 2206. What is the thousands digit of j?
1
Let k(v) = 2*v - 3. Let q be k(5). What is the units digit of -3*((-2870)/15)/q?
2
Let a(d) = -d**3 + 24*d**2 - 24*d + 22. Let k be a(23). What is the units digit of k + (-632)/(-6) - 6/(-9)?
5
Let m = 364 + -177. Suppose -3*x = -3*n - 259 + 64, -3*x + 5*n + m = 0. Suppose -w - x = -5*u, -2*u - 2*w = 2*u - 58. What is the tens digit of u?
1
Let c be 12 - (0 - (-4 + 8)). Suppose -c = -3*r + 68. What is the units digit of r?
8
Let c = -219 + 736. What is the hundreds digit of c?
5
Let r(c) = -51*c - 24. What is the units digit of r(-4)?
0
Suppose 4*q - 3*f - 2821 = 0, -2*q + 2*f + 1960 = 552. What is the hundreds digit of q?
7
Suppose j = u - 161 + 31, 15 = 5*j. Let h = u - 49. What is the units digit of h?
4
What is the units digit of (108/135)/((-4)/(-230))?
6
Let h = 742 + -187. What is the units digit of h?
5
Let f be (29/(-3))/((-5)/(-45)). Let t be f/(-15) + (-1)/(-5). Suppose 3*g - t = -4*h + 62, -3 = 3*h. What is the tens digit of g?
2
Suppose 3*t = -24 - 48. Let g = t - -29. What is the units digit of g?
5
What is the tens digit of (-5)/10 + (-246)/12*-49?
0
Suppose t = -5*q + 1621, 6*q + t = 3*q + 971. What is the hundreds digit of q?
3
What is the thousands digit of 2743*1 - (-176)/(-176)?
2
Let k(a) = 2*a + 46. Let d be k(-19). Suppose 12*z - d*z - 356 = 0. What is the units digit of z?
9
Let h(g) = g**2 - 3*g + 2. Let r be h(-3). Let f = 5 + 42. Let d = f - r. What is the units digit of d?
7
Let c be 9/27 + 34/6. Suppose -158 = -8*q + c*q. What is the tens digit of q?
7
Let l(u) = 18*u**2 + 23*u + 69. What is the tens digit of l(-4)?
6
Let q be ((-18)/12)/(3/132). What is the tens digit of (-12)/q + 678/22?
3
Suppose -1366 + 6973 = 9*s. What is the hundreds digit of s?
6
Suppose 34*u = 37*u - 567. What is the tens digit of u?
8
Let g be (-201 - -3)*3/(-6). Let d = g + -64. Suppose -2*a + 49 + d = 0. What is the units digit of a?
2
Let h be ((-2)/(-5))/((-11)/55). Let u be h/(3 + -1) + 3. Suppose -5 = -u*z + 93. What is the units digit of z?
9
Let m(b) = -7*b**3 + b**2 - 22*b - 17. What is the hundreds digit of m(-5)?
9
Suppose 2*b - 304 = 482. What is the hundreds digit of b?
3
Let p = 31 + -16. Suppose -3*r = 2*r + p, -5*r - 169 = -2*d. What is the tens digit of d?
7
Suppose -98 + 430 = 5*i + 2*t, -i + 52 = 4*t. Suppose -l - i = -107. What is the units digit of l?
9
Suppose 3*f - z = -11, 3*z - 20 = 8*z. Let l = f - -8. Suppose l*j - 2*m - 56 = 0, j = -2*m + 19 + 5. What is the units digit of j?
0
Let s(q) = 3*q**2 + 11*q + 11. Let b be s(-12). Let u = b + -153. What is the hundreds digit of u?
1
Let w = -724 - -1204. What is the tens digit of w?
8
Let n = -291 - -454. What is the hundreds digit of n?
1
Let n(y) = -23 - 7*y - 7 + 4. What is the units digit of n(-9)?
7
What is the units digit of (23 - 16) + (0 - -523)?
0
Let f be (-14)/7*6/(-4). Suppose 4*r = 6 + 10. Suppose f*j - h - 61 = 4*h, 68 = r*j - 4*h. What is the tens digit of j?
1
Let y be 48/24 + 12/(-2). Let l(d) = -d**2 - 8*d. What is the units digit of l(y)?
6
Let d = -142 + 92. Let o = d - -98. What is the units digit of o?
8
Suppose 3*q - 6*q - 7 = 5*c, -2*c - 5 = -q. Let a = q - -5. Suppose -5*u - a*s = -s - 260, 148 = 3*u - 5*s. What is the tens digit of u?
5
Let n be 0 + 2 + -1 + -3. Let p be 14/(-7)*9/n. Suppose -3*l + p = 4*u, 2*u - 6*u + 4*l + 44 = 0. What is the units digit of u?
6
Let z = -6 - -17. Suppose 14*a - 15 = z*a. Let x = a + -2. What is the units digit of x?
3
Suppose 1977 = -2*b + 5639. What is the thousands digit of b?
1
Let h(j) = j**3 - 9*j**2 + 3*j - 3. Let v be h(7). Let x = 115 + 14. Let z = x + v. What is the tens digit of z?
4
Let t = -57 - -62. Suppose 5*y = 4*w - 125 + 25, 2*w - t*y = 60. What is the tens digit of w?
2
What is the hundreds digit of 2/(-25) - 157416/(-200)?
7
Let o = 3 + -3. Let a(i) = i**3 + i**2 - i + 23. What is the units digit of a(o)?
3
Suppose 8*z - 4*z = -428. Let m = -37 - z. What is the units digit of m?
0
Let l(z) be the second derivative of -z**3/3 + 6*z**2 - z. What is the units digit of l(-4)?
0
Let b(i) = 25*i - 62. Let h be b(-28). What is the units digit of -3*(-4)/(-42) - h/21?
6
Let i = -32 + 34. Suppose -5*x + d = -225, 0 = x + i*d - 7*d - 21. What is the units digit of x?
6
What is the tens digit of 567/(-45)*(-2 + -62 - -4)?
5
Let c = 17 - 19. Let h(r) be the second derivative of -7*r**3/6 - 3*r**2/2 - 9*r. What is the units digit of h(c)?
1
Suppose 4*j - 1478 = -5*v, -6*v = -7*v + 4*j + 286. What is the tens digit of v?
9
Let z(u) = 7 - 2*u + 0 - 6 + 135*u**2 + 3*u. What is the units digit of z(1)?
7
Suppose 3*d = -2*d + 180. Suppose 5*i - 4*k = k, 2*i = k + 1. Suppose -5*g + d = i. What is the units digit of g?
7
What is the units digit of 13242/8 - (-125)/(-100) - -4?
8
Let z(g) = g**3 - 6*g**2 + g - 1. Let i be z(6). Let w(l) = -5*l**2 - 2*l + l**3 + 8*l**2 - 6*l**2 - 9 + 3. What is the units digit of w(i)?
4
Suppose 0 = -v - 2*n + 49 - 15, -n = -3*v + 130. Suppose -4*q = 3*q - v. What is the units digit of q?
6
Let w(q) = q**2 - 4*q - 8. Let n be w(8). Let l be 6/n - (-47)/4. What is the tens digit of 5/30 + 310/l?
2
What is the thousands digit of -4 - 35/(-9) - (-24644)/18?
1
Suppose -2*g + 67 = 5*z, -2*z = 4*g - 7*g + 110. What is the tens digit of g?
3
Let k(q) be the second derivative of q**5/20 + 2*q**4/3 + 4*q**3/3 - q**2 + 8*q. Let v be k(-7). What is the tens digit of (-348)/v + (-5)/(-15)?
3
Suppose -4*n = 2*l - 960, -n = -4*n - 12. What is the tens digit of l?
8
Suppose 10*n + 5*n